{"id":47324,"date":"2026-07-09T19:23:56","date_gmt":"2026-07-09T19:23:56","guid":{"rendered":"https:\/\/iamunion.ca\/?post_type=our_team&#038;p=47324"},"modified":"2026-08-24T18:36:01","modified_gmt":"2026-08-24T18:36:01","slug":"jody-bennett","status":"publish","type":"our_team","link":"https:\/\/iamunion.ca\/fr\/our-team\/jody-bennett\/","title":{"rendered":"Jody Bennett"},"content":{"rendered":"<p>N\u00e9gociateur et dirigeant chevronn\u00e9 du secteur de l\u2019a\u00e9rospatiale, Jody Bennett a rejoint le Conseil ex\u00e9cutif de l\u2019IAM \u00e0 titre de vice-pr\u00e9sident g\u00e9n\u00e9ral au si\u00e8ge social le 1er janvier 2024. Dans ce r\u00f4le, M. Bennett aide le pr\u00e9sident international \u00e0 g\u00e9rer les d\u00e9partements au si\u00e8ge social de l\u2019IAM.<\/p>\n<p>Membre de l\u2019IAM depuis 33 ans, M. Bennett a adh\u00e9r\u00e9 \u00e0 la section locale 2771 de l\u2019IAM (district 776) en 1989 comme m\u00e9canicien d\u2019a\u00e9ronefs chez DynCorps, \u00e0 Wichita Falls, au Texas. Il s\u2019est rapidement impliqu\u00e9 dans le syndicat lorsque lui et ses coll\u00e8gues se sont syndiqu\u00e9s avec l\u2019IAM, devenant d\u00e9l\u00e9gu\u00e9 syndical, membre du comit\u00e9 de n\u00e9gociation, guide-sentinelle et chef d\u00e9l\u00e9gu\u00e9.<\/p>\n<p>M. Bennett est devenu agent d\u2019affaires du district 776 en 2004, puis agent d\u2019affaires directeur adjoint en 2006. En 2012, il s\u2019est joint \u00e0 l&rsquo;internationale \u00e0 titre de repr\u00e9sentant sp\u00e9cial du d\u00e9partement de l\u2019a\u00e9rospatiale avant de devenir coordonnateur de l\u2019a\u00e9rospatiale en 2013. En 2017, il est devenu chef du personnel du d\u00e9partement de l\u2019a\u00e9rospatiale.<\/p>\n<p>M. Bennett est reconnu dans les secteurs de l\u2019a\u00e9rospatiale, de la d\u00e9fense et du Service Contract Act comme un n\u00e9gociateur redoutable, se mesurant souvent \u00e0 certaines des entreprises les plus grandes et les plus puissantes au monde.<\/p>\n","protected":false},"featured_media":46969,"template":"","meta":{"_acf_changed":false,"_monsterinsights_skip_tracking":false},"team_category":[114],"class_list":["post-47324","our_team","type-our_team","status-publish","has-post-thumbnail","hentry","team_category-conseil-executif"],"acf":[],"yoast_head":"<!-- This site is optimized with the Yoast SEO plugin v28.3 - https:\/\/yoast.com\/product\/yoast-seo-wordpress\/ -->\n<title>Jody Bennett | IAM Le Syndicat Canada<\/title>\n<meta name=\"description\" content=\"N\u00e9gociateur et dirigeant chevronn\u00e9 du secteur de l\u2019a\u00e9rospatiale, Jody Bennett a rejoint le Conseil ex\u00e9cutif de l\u2019IAM le 1er janvier 2024.\" \/>\n<meta name=\"robots\" content=\"index, follow, max-snippet:-1, max-image-preview:large, max-video-preview:-1\" \/>\n<link rel=\"canonical\" href=\"https:\/\/iamunion.ca\/fr\/our-team\/jody-bennett\/\" \/>\n<meta property=\"og:locale\" content=\"fr_FR\" \/>\n<meta property=\"og:type\" content=\"article\" \/>\n<meta property=\"og:title\" content=\"Jody Bennett | IAM Le Syndicat Canada\" \/>\n<meta property=\"og:description\" content=\"N\u00e9gociateur et dirigeant chevronn\u00e9 du secteur de l\u2019a\u00e9rospatiale, Jody Bennett a rejoint le Conseil ex\u00e9cutif de l\u2019IAM le 1er janvier 2024.\" \/>\n<meta property=\"og:url\" content=\"https:\/\/iamunion.ca\/fr\/our-team\/jody-bennett\/\" \/>\n<meta property=\"og:site_name\" content=\"IAM Union\" \/>\n<meta property=\"article:publisher\" content=\"https:\/\/www.facebook.com\/p\/IAM-Union-Canada-61573506335090\/\" \/>\n<meta property=\"article:modified_time\" content=\"2026-08-24T18:36:01+00:00\" \/>\n<meta property=\"og:image\" content=\"https:\/\/iamunion.ca\/wp-content\/uploads\/2026\/06\/Background-for-section-new-website-16.jpg\" \/>\n\t<meta property=\"og:image:width\" content=\"1920\" \/>\n\t<meta property=\"og:image:height\" content=\"400\" \/>\n\t<meta property=\"og:image:type\" content=\"image\/jpeg\" \/>\n<meta name=\"twitter:card\" content=\"summary_large_image\" \/>\n<meta name=\"twitter:site\" content=\"@iamunioncanada\" \/>\n<meta name=\"twitter:label1\" content=\"Dur\u00e9e de lecture estim\u00e9e\" \/>\n\t<meta name=\"twitter:data1\" content=\"2 minutes\" \/>\n<script type=\"application\/ld+json\" class=\"yoast-schema-graph\">{\"@context\":\"https:\\\/\\\/schema.org\",\"@graph\":[{\"@type\":\"WebPage\",\"@id\":\"https:\\\/\\\/iamunion.ca\\\/fr\\\/our-team\\\/jody-bennett\\\/\",\"url\":\"https:\\\/\\\/iamunion.ca\\\/fr\\\/our-team\\\/jody-bennett\\\/\",\"name\":\"Jody Bennett | IAM Le Syndicat Canada\",\"isPartOf\":{\"@id\":\"https:\\\/\\\/iamunion.ca\\\/#website\"},\"primaryImageOfPage\":{\"@id\":\"https:\\\/\\\/iamunion.ca\\\/fr\\\/our-team\\\/jody-bennett\\\/#primaryimage\"},\"image\":{\"@id\":\"https:\\\/\\\/iamunion.ca\\\/fr\\\/our-team\\\/jody-bennett\\\/#primaryimage\"},\"thumbnailUrl\":\"https:\\\/\\\/iamunion.ca\\\/wp-content\\\/uploads\\\/2026\\\/06\\\/Background-for-section-new-website-16.jpg\",\"datePublished\":\"2026-07-09T19:23:56+00:00\",\"dateModified\":\"2026-08-24T18:36:01+00:00\",\"description\":\"N\u00e9gociateur et dirigeant chevronn\u00e9 du secteur de l\u2019a\u00e9rospatiale, Jody Bennett a rejoint le Conseil ex\u00e9cutif de l\u2019IAM le 1er janvier 2024.\",\"breadcrumb\":{\"@id\":\"https:\\\/\\\/iamunion.ca\\\/fr\\\/our-team\\\/jody-bennett\\\/#breadcrumb\"},\"inLanguage\":\"fr-FR\",\"potentialAction\":[{\"@type\":\"ReadAction\",\"target\":[\"https:\\\/\\\/iamunion.ca\\\/fr\\\/our-team\\\/jody-bennett\\\/\"]}]},{\"@type\":\"ImageObject\",\"inLanguage\":\"fr-FR\",\"@id\":\"https:\\\/\\\/iamunion.ca\\\/fr\\\/our-team\\\/jody-bennett\\\/#primaryimage\",\"url\":\"https:\\\/\\\/iamunion.ca\\\/wp-content\\\/uploads\\\/2026\\\/06\\\/Background-for-section-new-website-16.jpg\",\"contentUrl\":\"https:\\\/\\\/iamunion.ca\\\/wp-content\\\/uploads\\\/2026\\\/06\\\/Background-for-section-new-website-16.jpg\",\"width\":1920,\"height\":400},{\"@type\":\"BreadcrumbList\",\"@id\":\"https:\\\/\\\/iamunion.ca\\\/fr\\\/our-team\\\/jody-bennett\\\/#breadcrumb\",\"itemListElement\":[{\"@type\":\"ListItem\",\"position\":1,\"name\":\"Home\",\"item\":\"https:\\\/\\\/iamunion.ca\\\/fr\\\/\"},{\"@type\":\"ListItem\",\"position\":2,\"name\":\"Our Team\",\"item\":\"https:\\\/\\\/iamunion.ca\\\/our-team\\\/\"},{\"@type\":\"ListItem\",\"position\":3,\"name\":\"Jody Bennett\"}]},{\"@type\":\"WebSite\",\"@id\":\"https:\\\/\\\/iamunion.ca\\\/#website\",\"url\":\"https:\\\/\\\/iamunion.ca\\\/\",\"name\":\"IAM Union\",\"description\":\"\",\"publisher\":{\"@id\":\"https:\\\/\\\/iamunion.ca\\\/#organization\"},\"potentialAction\":[{\"@type\":\"SearchAction\",\"target\":{\"@type\":\"EntryPoint\",\"urlTemplate\":\"https:\\\/\\\/iamunion.ca\\\/?s={search_term_string}\"},\"query-input\":{\"@type\":\"PropertyValueSpecification\",\"valueRequired\":true,\"valueName\":\"search_term_string\"}}],\"inLanguage\":\"fr-FR\"},{\"@type\":\"Organization\",\"@id\":\"https:\\\/\\\/iamunion.ca\\\/#organization\",\"name\":\"I Am Union\",\"url\":\"https:\\\/\\\/iamunion.ca\\\/\",\"logo\":{\"@type\":\"ImageObject\",\"inLanguage\":\"fr-FR\",\"@id\":\"https:\\\/\\\/iamunion.ca\\\/#\\\/schema\\\/logo\\\/image\\\/\",\"url\":\"https:\\\/\\\/iamunion.ca\\\/wp-content\\\/uploads\\\/2025\\\/09\\\/i-am-union-logo.png\",\"contentUrl\":\"https:\\\/\\\/iamunion.ca\\\/wp-content\\\/uploads\\\/2025\\\/09\\\/i-am-union-logo.png\",\"width\":203,\"height\":82,\"caption\":\"I Am Union\"},\"image\":{\"@id\":\"https:\\\/\\\/iamunion.ca\\\/#\\\/schema\\\/logo\\\/image\\\/\"},\"sameAs\":[\"https:\\\/\\\/www.facebook.com\\\/p\\\/IAM-Union-Canada-61573506335090\\\/\",\"https:\\\/\\\/x.com\\\/iamunioncanada\",\"https:\\\/\\\/www.instagram.com\\\/iamunioncanada\\\/\",\"https:\\\/\\\/www.youtube.com\\\/channel\\\/UCh0Eo5e3tU-Yp-tctXybfDA\",\"https:\\\/\\\/www.linkedin.com\\\/company\\\/iamunioncanada\\\/\"]}]}<\/script>\n<!-- \/ Yoast SEO plugin. -->","yoast_head_json":{"title":"Jody Bennett | IAM Le Syndicat Canada","description":"N\u00e9gociateur et dirigeant chevronn\u00e9 du secteur de l\u2019a\u00e9rospatiale, Jody Bennett a rejoint le Conseil ex\u00e9cutif de l\u2019IAM le 1er janvier 2024.","robots":{"index":"index","follow":"follow","max-snippet":"max-snippet:-1","max-image-preview":"max-image-preview:large","max-video-preview":"max-video-preview:-1"},"canonical":"https:\/\/iamunion.ca\/fr\/our-team\/jody-bennett\/","og_locale":"fr_FR","og_type":"article","og_title":"Jody Bennett | IAM Le Syndicat Canada","og_description":"N\u00e9gociateur et dirigeant chevronn\u00e9 du secteur de l\u2019a\u00e9rospatiale, Jody Bennett a rejoint le Conseil ex\u00e9cutif de l\u2019IAM le 1er janvier 2024.","og_url":"https:\/\/iamunion.ca\/fr\/our-team\/jody-bennett\/","og_site_name":"IAM Union","article_publisher":"https:\/\/www.facebook.com\/p\/IAM-Union-Canada-61573506335090\/","article_modified_time":"2026-08-24T18:36:01+00:00","og_image":[{"width":1920,"height":400,"url":"https:\/\/iamunion.ca\/wp-content\/uploads\/2026\/06\/Background-for-section-new-website-16.jpg","type":"image\/jpeg"}],"twitter_card":"summary_large_image","twitter_site":"@iamunioncanada","twitter_misc":{"Dur\u00e9e de lecture estim\u00e9e":"2 minutes"},"schema":{"@context":"https:\/\/schema.org","@graph":[{"@type":"WebPage","@id":"https:\/\/iamunion.ca\/fr\/our-team\/jody-bennett\/","url":"https:\/\/iamunion.ca\/fr\/our-team\/jody-bennett\/","name":"Jody Bennett | IAM Le Syndicat Canada","isPartOf":{"@id":"https:\/\/iamunion.ca\/#website"},"primaryImageOfPage":{"@id":"https:\/\/iamunion.ca\/fr\/our-team\/jody-bennett\/#primaryimage"},"image":{"@id":"https:\/\/iamunion.ca\/fr\/our-team\/jody-bennett\/#primaryimage"},"thumbnailUrl":"https:\/\/iamunion.ca\/wp-content\/uploads\/2026\/06\/Background-for-section-new-website-16.jpg","datePublished":"2026-07-09T19:23:56+00:00","dateModified":"2026-08-24T18:36:01+00:00","description":"N\u00e9gociateur et dirigeant chevronn\u00e9 du secteur de l\u2019a\u00e9rospatiale, Jody Bennett a rejoint le Conseil ex\u00e9cutif de l\u2019IAM le 1er janvier 2024.","breadcrumb":{"@id":"https:\/\/iamunion.ca\/fr\/our-team\/jody-bennett\/#breadcrumb"},"inLanguage":"fr-FR","potentialAction":[{"@type":"ReadAction","target":["https:\/\/iamunion.ca\/fr\/our-team\/jody-bennett\/"]}]},{"@type":"ImageObject","inLanguage":"fr-FR","@id":"https:\/\/iamunion.ca\/fr\/our-team\/jody-bennett\/#primaryimage","url":"https:\/\/iamunion.ca\/wp-content\/uploads\/2026\/06\/Background-for-section-new-website-16.jpg","contentUrl":"https:\/\/iamunion.ca\/wp-content\/uploads\/2026\/06\/Background-for-section-new-website-16.jpg","width":1920,"height":400},{"@type":"BreadcrumbList","@id":"https:\/\/iamunion.ca\/fr\/our-team\/jody-bennett\/#breadcrumb","itemListElement":[{"@type":"ListItem","position":1,"name":"Home","item":"https:\/\/iamunion.ca\/fr\/"},{"@type":"ListItem","position":2,"name":"Our Team","item":"https:\/\/iamunion.ca\/our-team\/"},{"@type":"ListItem","position":3,"name":"Jody Bennett"}]},{"@type":"WebSite","@id":"https:\/\/iamunion.ca\/#website","url":"https:\/\/iamunion.ca\/","name":"IAM Union","description":"","publisher":{"@id":"https:\/\/iamunion.ca\/#organization"},"potentialAction":[{"@type":"SearchAction","target":{"@type":"EntryPoint","urlTemplate":"https:\/\/iamunion.ca\/?s={search_term_string}"},"query-input":{"@type":"PropertyValueSpecification","valueRequired":true,"valueName":"search_term_string"}}],"inLanguage":"fr-FR"},{"@type":"Organization","@id":"https:\/\/iamunion.ca\/#organization","name":"I Am Union","url":"https:\/\/iamunion.ca\/","logo":{"@type":"ImageObject","inLanguage":"fr-FR","@id":"https:\/\/iamunion.ca\/#\/schema\/logo\/image\/","url":"https:\/\/iamunion.ca\/wp-content\/uploads\/2025\/09\/i-am-union-logo.png","contentUrl":"https:\/\/iamunion.ca\/wp-content\/uploads\/2025\/09\/i-am-union-logo.png","width":203,"height":82,"caption":"I Am Union"},"image":{"@id":"https:\/\/iamunion.ca\/#\/schema\/logo\/image\/"},"sameAs":["https:\/\/www.facebook.com\/p\/IAM-Union-Canada-61573506335090\/","https:\/\/x.com\/iamunioncanada","https:\/\/www.instagram.com\/iamunioncanada\/","https:\/\/www.youtube.com\/channel\/UCh0Eo5e3tU-Yp-tctXybfDA","https:\/\/www.linkedin.com\/company\/iamunioncanada\/"]}]}},"_links":{"self":[{"href":"https:\/\/iamunion.ca\/fr\/wp-json\/wp\/v2\/our_team\/47324","targetHints":{"allow":["GET"]}}],"collection":[{"href":"https:\/\/iamunion.ca\/fr\/wp-json\/wp\/v2\/our_team"}],"about":[{"href":"https:\/\/iamunion.ca\/fr\/wp-json\/wp\/v2\/types\/our_team"}],"wp:featuredmedia":[{"embeddable":true,"href":"https:\/\/iamunion.ca\/fr\/wp-json\/wp\/v2\/media\/46969"}],"wp:attachment":[{"href":"https:\/\/iamunion.ca\/fr\/wp-json\/wp\/v2\/media?parent=47324"}],"wp:term":[{"taxonomy":"team_category","embeddable":true,"href":"https:\/\/iamunion.ca\/fr\/wp-json\/wp\/v2\/team_category?post=47324"}],"curies":[{"name":"wp","href":"https:\/\/api.w.org\/{rel}","templated":true}]}}

<p>Négociateur et dirigeant chevronné du secteur de l’aérospatiale, Jody Bennett a rejoint le Conseil exécutif de l’IAM à titre de vice-président général au siège social le 1er janvier 2024. Dans ce rôle, M. Bennett aide le président international à gérer les départements au siège social de l’IAM.</p>
<p>Membre de l’IAM depuis 33 ans, M. Bennett a adhéré à la section locale 2771 de l’IAM (district 776) en 1989 comme mécanicien d’aéronefs chez DynCorps, à Wichita Falls, au Texas. Il s’est rapidement impliqué dans le syndicat lorsque lui et ses collègues se sont syndiqués avec l’IAM, devenant délégué syndical, membre du comité de négociation, guide-sentinelle et chef délégué.</p>
<p>M. Bennett est devenu agent d’affaires du district 776 en 2004, puis agent d’affaires directeur adjoint en 2006. En 2012, il s’est joint à l&rsquo;internationale à titre de représentant spécial du département de l’aérospatiale avant de devenir coordonnateur de l’aérospatiale en 2013. En 2017, il est devenu chef du personnel du département de l’aérospatiale.</p>
<p>M. Bennett est reconnu dans les secteurs de l’aérospatiale, de la défense et du Service Contract Act comme un négociateur redoutable, se mesurant souvent à certaines des entreprises les plus grandes et les plus puissantes au monde.</p>

<!-- This site is optimized with the Yoast SEO plugin v28.3 - https://yoast.com/product/yoast-seo-wordpress/ -->
<title>Jody Bennett | IAM Le Syndicat Canada</title>
<meta name="description" content="Négociateur et dirigeant chevronné du secteur de l’aérospatiale, Jody Bennett a rejoint le Conseil exécutif de l’IAM le 1er janvier 2024." />
<meta name="robots" content="index, follow, max-snippet:-1, max-image-preview:large, max-video-preview:-1" />
<link rel="canonical" href="https://iamunion.ca/fr/our-team/jody-bennett/" />
<meta property="og:locale" content="fr_FR" />
<meta property="og:type" content="article" />
<meta property="og:title" content="Jody Bennett | IAM Le Syndicat Canada" />
<meta property="og:description" content="Négociateur et dirigeant chevronné du secteur de l’aérospatiale, Jody Bennett a rejoint le Conseil exécutif de l’IAM le 1er janvier 2024." />
<meta property="og:url" content="https://iamunion.ca/fr/our-team/jody-bennett/" />
<meta property="og:site_name" content="IAM Union" />
<meta property="article:publisher" content="https://www.facebook.com/p/IAM-Union-Canada-61573506335090/" />
<meta property="article:modified_time" content="2026-08-24T18:36:01+00:00" />
<meta property="og:image" content="https://iamunion.ca/wp-content/uploads/2026/06/Background-for-section-new-website-16.jpg" />
	<meta property="og:image:width" content="1920" />
	<meta property="og:image:height" content="400" />
	<meta property="og:image:type" content="image/jpeg" />
<meta name="twitter:card" content="summary_large_image" />
<meta name="twitter:site" content="@iamunioncanada" />
<meta name="twitter:label1" content="Durée de lecture estimée" />
	<meta name="twitter:data1" content="2 minutes" />
<script type="application/ld+json" class="yoast-schema-graph">{"@context":"https:\/\/schema.org","@graph":[{"@type":"WebPage","@id":"https:\/\/iamunion.ca\/fr\/our-team\/jody-bennett\/","url":"https:\/\/iamunion.ca\/fr\/our-team\/jody-bennett\/","name":"Jody Bennett | IAM Le Syndicat Canada","isPartOf":{"@id":"https:\/\/iamunion.ca\/#website"},"primaryImageOfPage":{"@id":"https:\/\/iamunion.ca\/fr\/our-team\/jody-bennett\/#primaryimage"},"image":{"@id":"https:\/\/iamunion.ca\/fr\/our-team\/jody-bennett\/#primaryimage"},"thumbnailUrl":"https:\/\/iamunion.ca\/wp-content\/uploads\/2026\/06\/Background-for-section-new-website-16.jpg","datePublished":"2026-07-09T19:23:56+00:00","dateModified":"2026-08-24T18:36:01+00:00","description":"Négociateur et dirigeant chevronné du secteur de l’aérospatiale, Jody Bennett a rejoint le Conseil exécutif de l’IAM le 1er janvier 2024.","breadcrumb":{"@id":"https:\/\/iamunion.ca\/fr\/our-team\/jody-bennett\/#breadcrumb"},"inLanguage":"fr-FR","potentialAction":[{"@type":"ReadAction","target":["https:\/\/iamunion.ca\/fr\/our-team\/jody-bennett\/"]}]},{"@type":"ImageObject","inLanguage":"fr-FR","@id":"https:\/\/iamunion.ca\/fr\/our-team\/jody-bennett\/#primaryimage","url":"https:\/\/iamunion.ca\/wp-content\/uploads\/2026\/06\/Background-for-section-new-website-16.jpg","contentUrl":"https:\/\/iamunion.ca\/wp-content\/uploads\/2026\/06\/Background-for-section-new-website-16.jpg","width":1920,"height":400},{"@type":"BreadcrumbList","@id":"https:\/\/iamunion.ca\/fr\/our-team\/jody-bennett\/#breadcrumb","itemListElement":[{"@type":"ListItem","position":1,"name":"Home","item":"https:\/\/iamunion.ca\/fr\/"},{"@type":"ListItem","position":2,"name":"Our Team","item":"https:\/\/iamunion.ca\/our-team\/"},{"@type":"ListItem","position":3,"name":"Jody Bennett"}]},{"@type":"WebSite","@id":"https:\/\/iamunion.ca\/#website","url":"https:\/\/iamunion.ca\/","name":"IAM Union","description":"","publisher":{"@id":"https:\/\/iamunion.ca\/#organization"},"potentialAction":[{"@type":"SearchAction","target":{"@type":"EntryPoint","urlTemplate":"https:\/\/iamunion.ca\/?s={search_term_string}"},"query-input":{"@type":"PropertyValueSpecification","valueRequired":true,"valueName":"search_term_string"}}],"inLanguage":"fr-FR"},{"@type":"Organization","@id":"https:\/\/iamunion.ca\/#organization","name":"I Am Union","url":"https:\/\/iamunion.ca\/","logo":{"@type":"ImageObject","inLanguage":"fr-FR","@id":"https:\/\/iamunion.ca\/#\/schema\/logo\/image\/","url":"https:\/\/iamunion.ca\/wp-content\/uploads\/2025\/09\/i-am-union-logo.png","contentUrl":"https:\/\/iamunion.ca\/wp-content\/uploads\/2025\/09\/i-am-union-logo.png","width":203,"height":82,"caption":"I Am Union"},"image":{"@id":"https:\/\/iamunion.ca\/#\/schema\/logo\/image\/"},"sameAs":["https:\/\/www.facebook.com\/p\/IAM-Union-Canada-61573506335090\/","https:\/\/x.com\/iamunioncanada","https:\/\/www.instagram.com\/iamunioncanada\/","https:\/\/www.youtube.com\/channel\/UCh0Eo5e3tU-Yp-tctXybfDA","https:\/\/www.linkedin.com\/company\/iamunioncanada\/"]}]}</script>
<!-- / Yoast SEO plugin. -->

Négociateur et dirigeant chevronné du secteur de l’aérospatiale, Jody Bennett a rejoint le Conseil exécutif de l’IAM le 1er janvier 2024.
